= j - 4, -5*h = 2*j - 27. Let x(y) = h*q(y) + 4*k(y). What is x(-2)?
-12
Let k(f) = f**3 + 2*f**2 - 4*f - 4. Let u = -12 + 17. Suppose -u*b - 3*z + 5 = 0, 5*b - 3*z + 2*z = 5. Suppose b + 2 = -c. Calculate k(c).
-1
Let k(y) = -7*y - 1. Let f(c) = -4*c + 14. Let q be f(4). Calculate k(q).
13
Let j = 17 - 35. Let m = j - -21. Let a(u) = -3*u + 4. Give a(m).
-5
Suppose -4 - 10 = -4*t - j, 5*t = -4*j + 23. Suppose 4*n - 33 + 5 = 4*l, 10 = 2*n - l. Let x(i) = 3 + i**n - 6 + 3 - 3*i**2 - 2 - i. What is x(t)?
-5
Let n = -3 - 0. Let g(k) be the third derivative of -1/120*k**6 - k**2 + 0*k - 1/2*k**3 - 1/12*k**5 + 0 - 5/24*k**4. What is g(n)?
-6
Suppose j = 2*j - 4. Let y(w) = -j*w - 2*w**2 - 5 - 4*w**2 + w**3 + 3*w**2. Let p be ((-12)/(-9))/((-2)/(-6)). Give y(p).
-5
Let y be (12/4 + 1)/2. Let m(u) = -u + 1 - 2*u - 3*u**3 + 4*u**2 + u**3. Calculate m(y).
-5
Let a(f) = f**3 + 3*f**2 - 3*f - 1. Let u be a(-2). Suppose u + 3 = b - 5*x, -5*b - 30 = 5*x. Let j(d) = -d**2 - 7*d - 2. Give j(b).
10
Let d be ((-3)/30)/(16/(-40)). Let q(u) be the second derivative of 1/20*u**5 - d*u**4 + 0 - 3*u - 1/2*u**3 - 1/2*u**2. Give q(4).
3
Suppose 17*i - 16*i + 4 = 0. Let a(b) = -b**3 - 4*b**2 + b + 1. Calculate a(i).
-3
Let s(p) be the second derivative of 1/3*p**3 + 2*p**2 + 0 + 3*p. Suppose 3*a - 2*a = -3*i - 19, -4*i - 8 = -3*a. Give s(a).
-4
Let q(v) be the third derivative of 0*v - 1/12*v**4 + 7*v**2 + 0 - 7/30*v**5 + 1/6*v**3. Determine q(1).
-15
Let k(w) = w**3 + 4*w**2 - 5*w + 2. Suppose y + 1 = 2. Let v = y - -2. Suppose 0 = s - 5*r, 0 = s - v*s - 3*r - 13. What is k(s)?
2
Let h = -6 + 11. Suppose 4*d + 0*d = -5*m, -h*m = -4*d - 40. Let r(j) = j**3 + 6*j**2 + 4*j - 4. Give r(d).
1
Let r(k) = 43*k - 5. Let u(z) = -14*z + 2. Let w(j) = 3*r(j) + 8*u(j). Calculate w(-1).
-16
Let u(o) = -o**3 - o**2 - 2*o - 1. Let m be u(-2). Suppose -4*r + c - 10 = -m*r, 22 = 5*r - c. Suppose r*p + 28 = 12. Let f(a) = -a + 2. Give f(p).
6
Let d(t) = -t - 6. Let m(l) = l + 1. Let s(z) = 2*d(z) + 6*m(z). What is s(4)?
10
Let t be ((1*4)/2)/1. Suppose 4*g - 2*n - 12 = 0, 0 = -5*g - 2*n + 3 - 6. Let x(y) = 7*y**3 - y**2 - g + 0*y**2 + t. What is x(1)?
7
Let p(t) = t + 1. Let z(g) = -g**2 + 3*g + 3. Let s(w) = p(w) - z(w). Calculate s(4).
6
Let k(c) be the first derivative of 6 - 5*c + 3*c**2 - 2/3*c**3. Give k(4).
-13
Let t(r) = r**3 + 5*r**2 - 6*r + 5. Let b = 5 - 11. Determine t(b).
5
Let n(g) = -25*g + 13. Let c(d) be the first derivative of -3*d**2 + 3*d + 3. Let x(a) = -9*c(a) + 2*n(a). Let h = -10 - -9. What is x(h)?
-5
Suppose 40 = -7*s + 5. Let o(q) = q**3 + 5*q**2 + 1. Give o(s).
1
Suppose 1 = 5*t + 6. Let a(g) = 0 + 2*g**2 + 2*g + 4*g**2 + 1. Give a(t).
5
Let w(x) = 2*x**2 - 4*x + 3. Let a be 2/8 + (-15)/(-4). Suppose 0*l - 2*l = -a. Let b be (-7 + 3)/l*-1. Determine w(b).
3
Let w(y) = 6*y + 10. Let k(i) = i + 2. Let b(v) = 16*k(v) - 3*w(v). Give b(5).
-8
Let a(n) = -n - 5. Let q(s) = -s**2 - 5*s - 4. Let p = -11 - -6. Let f be q(p). Determine a(f).
-1
Suppose -3*a - a - 2 = 5*y, 3*y = -2*a. Suppose 6*z + y = 4*z. Let w(d) = -4*d + 0*d - d + 2*d. Determine w(z).
3
Suppose -i + d = 2*i - 9, -2*d = -3*i + 12. Let b(j) = -3*j**i - 4 - 4 - j + 2*j**2. Determine b(0).
-8
Let i(g) be the third derivative of -g**5/60 + g**3/6 + 8*g**2. Give i(-4).
-15
Suppose p + 13 = 3*x, 0 = -4*x + 4*p - 9*p + 30. Suppose x*q + 13 = 4*m, -5*m + 3*m + 4 = -2*q. Let y(c) = c + 2. Calculate y(q).
-3
Let a = 1 - 7. Let t(d) be the third derivative of d**6/720 + d**5/24 + d**4/8 + 3*d**2. Let x(p) be the second derivative of t(p). Calculate x(a).
-1
Let v(n) = 2*n + 51 + 2*n**2 - 55 - n. Determine v(-3).
11
Let f(q) = q**3 - 2*q**2 - q - 1. Let u(r) = r**2 + 3*r + 1. Let y be u(-4). Suppose 0 = 2*j + 10, 10*x = 5*x + y*j + 40. Determine f(x).
5
Let z(q) = -2*q + 289 - 289. Give z(2).
-4
Let r = 13 + -18. Suppose 0*z - z = -5*s + 10, -20 = 4*z. Let j(l) = 4*l + l**2 + s - 4*l + 6*l. Determine j(r).
-4
Let w = 18 + -13. Let h(a) = -a**3 + 5*a**2 + 2*a - 4. Give h(w).
6
Suppose -3*g - 20 = -2*o, o + g + 3*g = -1. Let z = -5 - -8. Suppose -o*n = -z*n - 8. Let u(d) = d**2 - 5*d + 1. Give u(n).
-5
Let v be (-15)/(-10)*20/6. Let i(c) = c - 5. Let x be i(v). Suppose k = 2 - x. Let d(w) = -3*w + 3. Determine d(k).
-3
Let b(i) be the first derivative of -i**4/2 - i**3 - i**2 - 3*i - 27. Calculate b(-2).
5
Let s(u) = -u - 1. Suppose 5*h = 37 - 12, -5*o = 2*h - 10. Let l = 1 + 2. Suppose w - l = -o*w. Calculate s(w).
-4
Let l = 21 - 19. Suppose -6*m - 6 = 4*t - m, 0 = -4*m - 8. Let q(b) = 0 - t - l*b + b - 4. What is q(-5)?
0
Let a(q) = 781*q + 1 - 4 - 778*q. Give a(6).
15
Let q(j) = -j - 9. Let h = 11 + -4. Determine q(h).
-16
Let d(k) be the second derivative of 0 + k - 1/12*k**4 + 1/2*k**2 - 7/6*k**3. Determine d(-6).
7
Let x(f) be the first derivative of f**2/2 + 3*f - 9. Calculate x(7).
10
Let a be -1*(-1 - 0 - -1). Suppose p + 0*p - 3 = a. Suppose -m + 5*q - p*q = 11, 4*m + 8 = -q. Let u(v) = -2*v - 4. Calculate u(m).
2
Let w(a) = a**2 - 2*a + 3. Let b = -22 - -26. Determine w(b).
11
Let c(u) = -u**3 - 2*u**2 + u - 1. Suppose 0 = i + 2*i + 6. Let w be c(i). Let o(m) = m**2 + 4*m + 4. What is o(w)?
1
Let y be -2*(2/4)/(-1). Let o(k) = -k**2 + k. Determine o(y).
0
Let g(a) = -4*a - 1. Let q be g(-1). Suppose -q = -3*v - 0. Let j(i) = -2*i**2 - i**2 + 2*i**2 - 3*i - v. What is j(-4)?
-5
Let i be (6 + -6)/(2/(-1) + 3). Let b(p) = -p + 3. Calculate b(i).
3
Let z(v) = -3 - 2 + 1 - v**2 - 8*v. What is z(-8)?
-4
Suppose 0 = l - 0 - 3. Let n(w) = 10*w**2 + 1 + w**l - 7*w**2 + 0*w**3. Give n(-3).
1
Let h(a) be the second derivative of a**7/2520 - 7*a**6/720 + a**5/40 + a**4/6 - 2*a. Let j(y) be the third derivative of h(y). Let p = -2 - -5. Give j(p).
-9
Let t(s) = -10*s**2 + 1. Suppose 0 - 1 = 4*l + o, 4*o - 12 = 0. Calculate t(l).
-9
Let s(a) = -3*a**2 + 4*a - 3. Let u be s(2). Let r(t) = t**2 + 6*t - 6. Calculate r(u).
1
Let s(g) = 33*g + 12. Let i(b) = -13*b - 5. Let f(n) = -12*i(n) - 5*s(n). Suppose 32*q + 12 = 20*q. What is f(q)?
9
Let v(u) = -u + 2. Let z be v(0). Suppose 0 = 4*a + y + 3*y, 28 = -z*a + 5*y. Let t(b) = -b**3 - 3*b**2 + b. What is t(a)?
12
Let d(o) = 2*o**2 - o - 1. Let h be (-3 + 2)/((-1)/2). Suppose -h*y - 5*v = 1, 3*v + 0*v = 4*y - 11. Let r(f) = -f**3 + f**2 + f. Let m be r(y). Give d(m).
9
Suppose 15 = 3*y, -7*y + 5 = -3*q - 3*y. Let m(a) = -3*a - 4. Calculate m(q).
-19
Suppose -2*m + 5 = -1. Let i(t) be the second derivative of -t**5/120 + t**4/6 - t**3/6 + t. Let y(g) be the second derivative of i(g). Give y(m).
1
Let d(k) = 3*k**2 + 1. Let j(p) = -p + 3. Let w be (3/3)/(3/21). Let a be j(w). Let u be (-1 - a/2)*-1. Give d(u).
4
Let c(p) = 2*p**3 + 5*p**2 - p + 1. Let j(q) = -q**3 + q**2 + q + 1. Let t(o) = c(o) + j(o). What is t(-6)?
2
Let h = -15 - -13. Let r(z) = -z**2 - 1. Give r(h).
-5
Let q(j) = -13*j + 14. Let h(t) = -7*t + 7. Suppose b = 3*r + r + 28, -2*r = b + 8. Let f(x) = r*q(x) + 11*h(x). Determine f(6).
-1
Suppose 3*x - 18 = -x - 2*a, 3*x - 3*a = 0. Suppose 2 = 2*w - 0*w. Let r(l) = 5*l + 1 + 3 - 6 - l**2 + w. Determine r(x).
5
Let q(m) = m**2 + 2*m - 4. Let i(o) be the first derivative of 1/3*o**3 + 2 + 3/2*o**2 - 4*o. Let a(w) = -4*i(w) + 5*q(w). Give a(3).
-1
Let b(y) = -y**3 - 4*y**2 + 12*y + 11. Let w be b(-6). Let v(z) = -z**3 + 11*z**2 + 2*z - 16. Calculate v(w).
6
Let o(b) = -b**2 - b - 4. Let i(f) = f**2 + f + 5. Let p(g) = 4*i(g) + 5*o(g). Calculate p(-3).
-6
Let i(a) = 7 - 2*a + 3*a**2 - 4*a**2 - 4 + 2. Calculate i(-4).
-3
Suppose 32 = 2*s - 4*z, -4*s + 13 = -s + z. Let b(r) = -r**2 + 6*r - 9. Give b(s).
-9
Let a be -3 + 5 + -2 - -1. Let x(u) = -u**2 - u**3 - 2*u**2 + 4*u - 3 + 0*u**3 + a. What is x(-4)?
-2
Let t(r) be the first derivative of -3 - 5/2*r**2 + r. Determine t(2).
-9
Let i(l) be the first derivative of -l**2/2 - 11*l - 58. What is i(-8)?
-3
Let u(c) be the third derivative of c**5/60 + 3*c**4/8 - 2*c**3/3 - 11*c**2. What is u(-10)?
6
Suppose -2*l + 2 = 6. Let q = 0 - l. Let j be (-1 + (4 - q))*-5. Let y(h) = -h**2 - 5*h + 3. What is y(j)?
3
Let v(x) = -x**2 - 5*x - 1. Suppose 0 = -2*g + 2 - 12. Calculate v(g).
-1
Let r be ((-1)/3)/(3/(7 + 29)). Let a(p) = 5*p - 12. Let f(t) = 14*t - 35. Let c(u) = 17*a(u) - 6*f(u). Determine c(r).
2
Let j = -19 +